 the first derivative of r(z). Give t(1).
5
Let r(c) = c**2 + 7*c - 6. Let q(a) = -a**3 - 21*a**2 + 22*a + 10. Let v be q(-22). Suppose 5*k + v = -30. Calculate r(k).
2
Let j(i) = -2*i**3 + 2*i**2 - 2*i - 3. Let w(q) = 7*q**3 - 6*q**2 + 6*q + 8. Let v(k) = -11*j(k) - 4*w(k). Calculate v(1).
-5
Let t(g) = g**3 + 3*g**2 + 3*g + 4. Let w(x) = -x**2 + 3*x - 5. Let n = -31 - -33. Let i be w(n). What is t(i)?
-5
Let a be 0*(-2)/(-4 - -6). Let r(l) = 5*l - 3 + 0 - 3*l + a. Let u(g) = -g**2 + 4*g - 2. Let y be u(2). Determine r(y).
1
Let i(d) = -3*d + 4. Let r = -1313 - -1304. Determine i(r).
31
Suppose 0*z - 14 = -z. Let q be (19/38)/(1/z). Let n(v) = -q*v + 8*v - 2 + 1. Determine n(2).
1
Let y be 5 - -7 - (0 + 0). Let o = 14 - y. Let r(z) = 2*z - 9*z - 17*z**2 + 16*z**o + 6. Give r(-8).
-2
Let f(c) be the first derivative of -1/4*c**4 + 4*c - 4/3*c**3 + 4 + 0*c**2. What is f(-3)?
-5
Let h = 35 + -25. Suppose 0*d - h = -5*d. Suppose 0 = -d*o - 2*o. Let x(g) = g**2 - g + 11. Calculate x(o).
11
Let f = 0 + -3. Let b(c) = 2*c**3 - 16*c**2 + 4*c - 16. Let o(s) = s**3 - 6*s**2 + 2*s - 7. Let l(p) = -3*b(p) + 7*o(p). Determine l(f).
20
Let r = 2 - 3. Let j(c) = 8*c**2 - 3*c + 4. Let t(m) = -17*m**2 + 7*m - 9. Suppose -5*o + 12 = -o. Let v(k) = o*t(k) + 7*j(k). What is v(r)?
6
Let o(u) = -7*u - 3. Let a(h) = 13 + 6*h + 5*h + 18*h. Let l(f) = 2*a(f) + 9*o(f). Suppose 3*n - m + 10 = -n, 5*m = -10. Calculate l(n).
14
Let v = -4 + 5. Let p = 0 + v. Let s(m) = m**2 - m + 2*m**3 - 5*m**3 - m**3 - m**3. Calculate s(p).
-5
Let h(k) = k. Let f = -1375 + 1378. What is h(f)?
3
Let l(i) be the second derivative of -5*i**3/6 + 9*i**2/2 + 104*i. Calculate l(0).
9
Let b(v) be the first derivative of v**4/4 + v**3 + v**2/2 - 3*v - 14. Suppose 4 = -z + 1. Give b(z).
-6
Let v be 1 - (-1 - 1 - -2). Let g be ((0/(-3))/v)/1. Let l(q) = -q - 4. What is l(g)?
-4
Suppose 0 = 10*d - 12 - 8. Let c(b) = -b**2 + b + 1. Let l(w) = -6*w**2 + 3*w + 2. Let v(s) = d*c(s) - l(s). What is v(1)?
3
Let d(i) = -i**2 - 5*i - 5. Let p be (-4)/14 - (-66)/(-14). What is d(p)?
-5
Let n be (6/(-30)*-5)/(3/(-42)). Let g(p) = -p**2 - 14*p + 9. What is g(n)?
9
Let w be -7 - (1/(-2))/((-11)/(-242)). Let f(u) = 5 + 5*u**2 - 6*u - u**2 - 2*u**2. Determine f(w).
13
Suppose 2*l = 2*z + 10, -3*l - l + z + 14 = 0. Let h(b) = b - 3. What is h(l)?
0
Suppose 0 = 3*c - 74 + 23. Suppose 0 = 5*t + 2*n - c - 6, 5*n + 20 = 3*t. Let a(j) = j**2 - 7*j + 5. What is a(t)?
-5
Let y = -19 - -24. Suppose 4*b - 45 = -3*h, b - y - 9 = 2*h. Let c(v) = 5 + b*v + 12*v - v**2 - 19*v. What is c(6)?
-1
Let r(o) be the second derivative of o**3 - 16*o**2 - 256*o. Calculate r(5).
-2
Let c(t) = 8*t**2 - 10*t - 10. Let z(b) = -7*b**2 + 9*b + 9. Let r(l) = -6*c(l) - 7*z(l). Let u(m) = 3 - 16 - 10 - 2*m - 1. Let w be u(-14). What is r(w)?
1
Let v(t) = 3*t**3 - t**2 + 1. Suppose 3*k + 1 = 2*k. Let q be v(k). Let d(x) be the first derivative of x**3/3 + x**2 - x + 61. Determine d(q).
2
Let z(i) be the second derivative of -i**6/120 + i**4/24 + i**2/2 + 3*i. Let o(v) be the first derivative of z(v). Let l = 11 - 10. What is o(l)?
0
Let u(p) = -p**2 - 3*p - 1. Suppose 3*s - 8 - 7 = 0. Suppose h + 5 = -2*d, 0*h + s = -3*d + h. What is u(d)?
1
Let y(s) = s**3 - 2*s**2 + s. Suppose -15*u = -19*u + 4. Let v(w) = w + 2*w + 4 - 3 - 4*w + w**2. Let o be v(u). What is y(o)?
0
Let z(m) = m - 2. Let l(w) = w - 1. Let x(s) = 5*l(s) - 4*z(s). Let k be x(-9). Let r(y) = y**3 + 7*y**2 + 7*y + 4. What is r(k)?
-2
Let l = 1379 + -1382. Let m(u) = u**2 - 3*u - 8. Let v(b) = -b**2 + 3*b + 7. Let q(t) = 5*m(t) + 6*v(t). What is q(l)?
-16
Let t(j) = 16*j + 9. Let m(l) = -l - 1. Let i(k) = m(k) - t(k). Let d(g) = 11*g + 7. Let r(z) = 7*d(z) + 5*i(z). Determine r(1).
-9
Let d(s) be the first derivative of 52 + s + 1/2*s**2 - 3/4*s**4 + 0*s**3. Determine d(2).
-21
Let k(i) be the second derivative of -i**3/6 - i**2/2 - 395*i. Suppose 0*h - 4*h + 65 = 5*x, 5*x = 5*h - 25. Let u be h/(-45) - 104/18. Calculate k(u).
5
Let c(o) = 8*o**2 + o - 1. Let t be (3/(-9))/(2/(-12)). Suppose -j + 28 = 3*j + t*b, -j = b - 9. Suppose -5*z = -5*q - 15, -5*z = j*q - 11 - 14. What is c(q)?
8
Let y = -28 - -30. Let i(n) = 4*n - 1. Calculate i(y).
7
Let r(v) = 2*v - 13. Let t(x) = x - 7. Let m(w) = -6*r(w) + 11*t(w). Let j be m(0). Let i(f) = -2*f**2 + 2815 + 2817 - 5633 + f**3 + f. Give i(j).
-1
Suppose v = -2 - 1. Let y(c) = 7*c**2 + 19*c + 11. Let b(u) = 4*u**2 + 10*u + 5. Suppose -75 = -20*m + 5*m. Let a(t) = m*b(t) + v*y(t). Give a(-6).
-2
Let o(m) = -m**3 - 7*m**2 - 7*m. Suppose -3*q = 3*n - 8*q + 33, -n - 12 = -2*q. Determine o(n).
6
Let c = -2 - -8. Let v(q) = -q**2 + 3 - c*q - 2*q**2 + 2*q**2. Suppose 0 = u + 2 + 4. What is v(u)?
3
Let r be 1 - (1 + -2) - 0. Suppose 0 = -r*a + 5 - 1. Let s(u) = 2*u - 6 + a + 2*u. Determine s(3).
8
Let r(u) = 7*u**3 + 5*u. Let c(y) = -20*y**3 + y**2 - 15*y + 1. Let m(a) = -6*c(a) - 17*r(a). Give m(5).
-6
Let b(v) = -v + 8. Let h = 55 + -35. Suppose -r + 7 = -4*t - 9, 2*r = -5*t - h. What is b(r)?
8
Suppose 11 = 4*m - 1. Suppose -6*h - 15 = -m*h. Let a(l) be the second derivative of l**4/12 + 2*l**3/3 - 123*l. Determine a(h).
5
Suppose 19*x + 139 + 51 = 0. Let h(b) = 2*b - 23. Let m(k) = k - 1. Let l(c) = h(c) - 4*m(c). Let i be l(x). Let a(f) = 5*f. Determine a(i).
5
Suppose -4*q = 3*i + i + 436, 2*i - q + 230 = 0. Let r = i + 113. Let n(f) = f**2 - f + 11. Calculate n(r).
11
Let l(k) be the second derivative of -k**6/360 - k**5/20 - 10*k**3/3 + k + 16. Let s(f) be the second derivative of l(f). Suppose 0*h = -2*h - 14. What is s(h)?
-7
Let i(f) = 10*f**2 + 2*f + 1. Suppose -2*z = z + 5*x + 103, -x = -z - 37. Let k = -37 - z. Calculate i(k).
9
Let k(y) = 14*y + 10. Let t(w) = 13*w + 9. Let z(v) = -2*k(v) + 3*t(v). Let b(n) = 5*n + 4. Suppose -25 = 36*u - 493. Let q(r) = u*b(r) - 6*z(r). Give q(6).
4
Let d(a) = -1065*a - 2 + 2125*a - 1065*a. Determine d(3).
-17
Let d(v) = -501 - 497 - 3*v + 998 + 8*v. Let q(p) = -p + 8. Let w be q(6). Let f be (-2)/1*w/4. Calculate d(f).
-5
Let q(i) = i**3 + 5*i**2 + 4*i + 2. Let p be (-12 - -7)*(-2)/5. Let u be (-4 - -4)/(3 - p). Suppose u = -n - 5 + 3. What is q(n)?
6
Suppose 0 - 34 = 13*p + 18. Let t(c) = 7*c - 8. Let v(a) = a - 1. Let y(h) = -t(h) + 5*v(h). Determine y(p).
11
Let q(d) = -9*d + 46. Let k(t) = 8*t - 34. Let i(w) = -4*k(w) - 3*q(w). Let p(n) = -3*n. Let j be p(1). Determine i(j).
13
Suppose -28*b + 26*b - 4 = 0. Let p(c) = -2*c**3 - 4*c**2 - c + 2. Determine p(b).
4
Suppose 3*m + 6 = 5*s, -45 = -4*s - 5*m - 55. Let p(u) = u**3 + u**2 + 3*u + 10. Determine p(s).
10
Let i(z) = 3*z**3 + 8*z**2 - 7*z - 7. Let x(l) = -8*l**3 - 24*l**2 + 21*l + 20. Let m(d) = 11*i(d) + 4*x(d). Let q = -50 - -57. What is m(q)?
3
Let y = -16 + 10. Let j(s) be the second derivative of s**3/3 + s**2 + 512*s. What is j(y)?
-10
Let x = -652 + 652. Let l(j) = -j - 32. What is l(x)?
-32
Let q(w) = 21*w**2 - 4*w + 1. Let o(x) = 22*x**2 - 6*x + 1. Let l(r) = -3*o(r) + 4*q(r). Suppose 2 = -t + 5. Suppose 8*v - t*v = -5. Give l(v).
17
Suppose -2*n + 5*l = 6*l - 71, 3*n - 5*l - 74 = 0. Let a(u) = -22 - 12 + n - 13*u. What is a(1)?
-14
Let l be (2 + 0)*(-5 - -9). Suppose -10 = -l*d + 3*d. Let t(s) = -2*s**2 + 8*s**2 + 3*s - 7*s**d - 2. What is t(4)?
-6
Let x(d) = -d**2 - 13*d - 10. Let v(s) = -4*s - 71. Let k be v(-15). Calculate x(k).
12
Let i(u) be the first derivative of u**3/3 + u**2/2 - 17*u - 16. Let q(l) be the first derivative of i(l). What is q(-4)?
-7
Let d = 346 + -343. Let y(v) be the first derivative of -v**4/4 + 2*v**3/3 + 3*v**2/2 - 3*v + 3. Determine y(d).
-3
Let a(n) be the third derivative of n**6/120 + n**5/10 + n**3/6 - 3*n**2. Suppose 11 = -6*k - 25. What is a(k)?
1
Let z(k) = -2*k**2 + 2*k + 3. Let d be -3*1*(-2)/(-2). Let l(j) = -3*j**2 + j + 3. Let c be 22/143 + 50/26*2. Let h(r) = c*z(r) + d*l(r). Give h(-4).
-1
Let j(b) = -2*b**2 + b + 1. Let x(o) = -o**3 - 11*o**2 + 10*o + 10. Let p(k) = -2*j(k) + x(k). Determine p(-8).
8
Let n(m) = -2*m - 8. Let u be n(-15). Let a be (-1)/(-3) + u/(-3). Let g(r) = r - 1. What is g(a)?
-8
Suppose -5*g - 12 = -11*g. Let w(d) = -9*d + 26*d - 13*d - d**g + 2. Give w(6).
-10
Suppose i = -4*h - 4, -2*h - 6 = -4*i - 7*h. Let y = 16 + -21. Let o(v) = -2*v + 4. Let t(c) = -